120
-1003033010 (base 4) to base 15
-568eb
Convert -3d63a (base 16) to base 6.
-5220042
Convert 22021312122 (base 4) to base 8.
12116632
What is 128282 (base 11) in base 9?
336131
What is 2500340 (base 6) in base 12?
646b0
Convert -51226 (base 7) to base 5.
-344331
-11111210 (base 5) to base 13
-355cb
Convert -3124332104 (base 5) to base 14.
-c09891
Convert ace654 (base 16) to base 9.
23280373
-2050354 (base 7) to base 15
-4d4e4
Convert 1a505 (base 13) to base 8.
144265
Convert -26040 (base 15) to base 6.
-2334440
What is -231031321 (base 4) in base 6?
-3545241
What is -863787 (base 9) in base 4?
-1331220133
Convert -240401230 (base 5) to base 3.
-2002012202021
-1013021 (base 5) to base 6
-205004
-424403 (base 8) to base 5
-14012241
-52223225 (base 6) to base 2
-101110001000111000001
What is -36455 (base 9) in base 12?
-1217b
110111010012210 (base 3) to base 8
31237772
Convert -1332210344 (base 5) to base 3.
-20101121122000
Convert -1478363 (base 12) to base 3.
-21210101002210
-458419 (base 10) to base 15
-90c64
What is -16684 (base 16) in base 11?
-62a57
2260d4 (base 15) to base 4
12100200001
Convert -1401100 (base 5) to base 11.
-1a275
What is 13a5495 (base 11) in base 3?
11112100122210
What is 10211102111 (base 3) in base 6?
1341021
Convert 12212311 (base 4) to base 5.
1331221
Convert -192382 (base 12) to base 5.
-103030232
What is 2144101201 (base 5) in base 4?
101311121220
Convert 1c8bb2 (base 13) to base 8.
2630645
What is 13723 (base 10) in base 5?
414343
Convert -3a4029 (base 12) to base 3.
-1210210222020
-323320200 (base 4) to base 10
-245280
Convert 120325 (base 8) to base 9.
62427
-1011111110011100010100 (base 2) to base 13
-85bc04
Convert -100001110001100001111 (base 2) to base 4.
-10032030033
What is -d6698 (base 15) in base 4?
-2211332330
-166d912 (base 14) to base 11
-624a8a8
Convert 26137535 (base 9) to base 6.
1135103052
What is 16b262 (base 14) in base 9?
1446887
Convert 511717 (base 9) to base 14.
7c674
Convert 2646939 (base 10) to base 8.
12061633
What is 11110110010110110110 (base 2) in base 11?
62a154
5c517 (base 14) to base 9
374021
Convert 39394 (base 15) to base 9.
308104
What is 103251515 (base 6) in base 12?
749b9b
Convert -13231310102 (base 4) to base 8.
-7556422
Convert -161809 (base 13) to base 7.
-4433320
What is -15b7ed (base 16) in base 3?
-2200022110100
Convert -773267 (base 12) to base 11.
-108297a
1526354 (base 8) to base 6
13213220
-10001100011101000111111 (base 2) to base 13
-c51b42
What is 467872 (base 11) in base 4?
2311100032
-bfeeb (base 16) to base 8
-2777353
What is 268012 (base 9) in base 5?
20211212
67833 (base 13) to base 16
2deeb
What is 120122102221 (base 3) in base 4?
1023023320
21333211 (base 4) to base 3
2002011001
What is 121101012121 (base 3) in base 10?
322369
1000000111010111001 (base 2) to base 4
1000322321
-25343551 (base 6) to base 14
-175a79
What is 271224 (base 8) in base 16?
17294
5233 (base 9) to base 4
323331
-11221212021000 (base 3) to base 9
-4855230
What is -26fbd7 (base 16) in base 3?
-11210210120200
21211304 (base 5) to base 9
302427
Convert 25310766 (base 8) to base 9.
11486558
Convert -11c0b7 (base 13) to base 6.
-13045532
a2ba (base 14) to base 10
27996
6167 (base 9) to base 13
2095
Convert -116671 (base 11) to base 9.
-311050
12554634 (base 7) to base 16
11a5dc
What is -1011012112221222 (base 3) in base 16?
-fd0d39
What is -1054528 (base 10) in base 13?
-2abca7
What is -134001442 (base 5) in base 14?
-13c8cb
-932d5 (base 15) to base 3
-212200210002
Convert -1120221112021 (base 3) to base 14.
-1800a4
Convert -221212 (base 6) to base 11.
-12944
3443521 (base 7) to base 15
87acd
-41103045 (base 6) to base 11
-732759
-3101230000 (base 4) to base 8
-3215400
Convert 1177640 (base 8) to base 4.
1033332200
What is -47d0 (base 14) in base 8?
-30362
What is -727113 (base 8) in base 12?
-b7723
What is -10111110001001010 (base 2) in base 11?
-67164
What is -1402544 (base 6) in base 8?
-231100
Convert -622264 (base 7) to base 12.
-5174a
Convert 228154 (base 16) to base 10.
2261332
-30210400 (base 5) to base 13
-85b15
-192b79 (base 13) to base 5
-130302240
Convert -310002233 (base 4) to base 6.
-4322515
221100011 (base 4) to base 16
29405
Convert 8444ab (base 12) to base 2.
111111100000111000011
Convert 232017 (base 14) to base 13.
32b742
Convert c626d (base 14) to base 11.
2a70a6
What is -78d20 (base 15) in base 6?
-12123150
131322210 (base 4) to base 9
206066
Convert 1002101320 (base 4) to base 9.
453354
What is -3303023132 (base 4) in base 16?
-f32de
17c681 (base 14) to base 8
3152371
What is 464b70 (base 12) in base 7?
12406401
What is -1440010 (base 5) in base 2?
-111011110100110
What is 22334142 (base 6) in base 10?
681326
What is 11010110111101010 (base 2) in base 14?
2c174
What is -122430444 (base 6) in base 13?
-64ba81
Convert -1002022210112 (base 3) to base 13.
-172967
What is -1c75940 (base 13) in base 6?
-535301242
What is 515624 (base 16) in base 10?
5330468
What is 2123001020 (base 4) in base 3?
1012020222202
What is -a93372 (base 14) in base 7?
-66505002
767739 (base 13) to base 4
22220123103
What is -420104 (base 15) in base 11?
-18543a8
What is -523223 (base 11) in base 16?
-ccc8d
What is 11671 (base 11) in base 7?
66624
-1432003 (base 5) to base 9
-45444
Convert 913867 (base 11) to base 3.
2202122021101
Convert -232a5d (base 14) to base 13.
-32c639
What is -6432375 (base 9) in base 16?
-349616
1471905 (base 11) to base 3
11202001201102
Convert 10010101010000110 (base 2) to base 5.
4421142
Convert 80254 (base 9) to base 10.
52699
-28052 (base 15) to base 4
-133111013
Convert 113a77 (base 11) to base 8.
541363
What is -1b3b9 (base 12) in base 11?
-28322
-30222 (base 14) to base 7
-661142
What is 101020013 (base 4) in base 10?
70151
Convert 1203230133 (base 5) to base 3.
12020201100210
22b821 (base 12) to base 2
10001000100011011001
What is 212001102211 (base 3) in base 16?
6ec7d
What is 996752 (base 13) in base 4?
31302012332
-134552035 (base 6) to base 3
-12011210211212
Convert -2c6aa (base 13) to base 5.
-10202030
What is -b79b3 (base 12) in base 2?
-111010111111010111
103171 (base 11) to base 2
101000010101111011
What is -1030312 (base 6) in base 16?
-c5e4
Convert -1201120022011 (base 3) to base 7.
-10535140
Convert 336430 (base 13) to base 8.
4502023
152e (base 15) to base 12
2768
4ac031 (base 13) to base 11
1018286
What is -10100010000101111 (base 2) in base 11?
-57397
-31030506 (base 7) to base 3
-11212212200020
Convert -52251 (base 13) to base 15.
-2db03
Convert 3512233 (base 7) to base 3.
211100211101
-37445 (base 16) to base 7
-1631660
What is 1935393 (base 11) in base 10?
3272063
Convert -1101110111100111011 (base 2) to base 7.
-3601645
347a36 (base 12) to base 6
30022510
Convert -15461438 (base 9) to base 2.
-11101011011111111011000
What is -1056405 (base 11) in base 3?
-10111011011120
114245 (base 9) to base 10
68729
What is 35952a (base 16) in base 8?
15312452
Convert 432217 (base 10) to base 6.
13133001
What is -54c32c (base 14) in base 8?
-12761664
Convert -303232322 (base 4) to base 10.
-211898
Convert -18868 (base 15) to base 7.
-450563
13124312 (base 5) to base 11
89703
-14bdac (base 16) to base 14
-275512
100883 (base 9) to base 5
3403042
599b24 (base 14) to base 16
2eb7f4
2325110 (base 11) to base 12
143aa88
251250220 (base 6) to base 3
100002021100010
Convert -101411020 (base 5) to base 9.
-708412
Convert 17292a (base 11) to base 12.
10a849
3478012 (base 9) to base 12
769355
What is -dc2159 (base 14) in base 3?
-112000221002112
10011111111011111011 (base 2) to base 11
408205
Convert 989615 (base 10) to base 9.
1767442
What is 2eeeb5 (base 15) in base 5?
1040344240
What is 5d446 (base 14) in base 15?
47aed
-1aa45a1 (base 11) to base 10
-3534521
Convert -646387 (base 9) to base 11.
-243483
-533bc (base 13) to base 12
-72a0a
c040b0 (base 13) to base 12
15b3713
What is -20244002 (base 5) in base 7?
-1256341
-1201174 (base 8) to base 12
-139bb8
What is -37176221 (base 8) in base 4?
-133033302101
Convert -24738 (base 9) to base 8.
-40400
a98f06 (base 16) to base 7
163311036
-11123321 (base 4) to base 10
-22265
What is -11200200101002 (base 3) in base 11?
-1453405
What is 712601 (base 8) in base 11?
150519
What is 227716 (base 8) in base 10?
77774
Wha